 2*v + 25, -2*v = -4*u + 5936. What is the thousands digit of u?
1
Suppose -d + 7 = -3*h - 7, -3*h - 6 = 0. Let b be d/(-6)*(-66)/(-4). Let n = 33 + b. What is the tens digit of n?
1
Let m(h) = 14*h - 33. Let n = -7 + 16. What is the units digit of m(n)?
3
Suppose -2*l - 6292 = -15*l. What is the tens digit of l?
8
Suppose 2*q + 6 = 0, 103*q - 106*q + 2783 = 2*u. What is the units digit of u?
6
Let x = 2559 + -1714. What is the units digit of x?
5
Let s(j) be the third derivative of j**4/6 + 2*j**3 + 5*j**2. Let z be s(13). Suppose -z + 14 = -2*o. What is the tens digit of o?
2
Let j = -33 - -37. Suppose 0 = -2*w, -6*w + 144 = j*z - 2*w. What is the units digit of z?
6
Let q = -751 + 483. Let h = 395 + q. What is the units digit of h?
7
Let a(r) = 0*r + 3*r + 9 - 2*r. Let j be a(-7). Suppose j*x - x = 14. What is the units digit of x?
4
Let i(w) = w + 1. Let s be i(2). Let v be 6 + 1 + 2 - s. Suppose 9*a - v*a - 87 = 0. What is the units digit of a?
9
Let a(j) = -66*j + 20. What is the hundreds digit of a(-11)?
7
Suppose 0 = -q - 5*g + 298, 5*q + 5*g - 8*g - 1518 = 0. Suppose l + 90 = q. What is the tens digit of l?
1
Let k be 11/22*((0 - -8) + 0). Suppose -k*a = -5*a + 73. What is the tens digit of a?
7
Let x = 542 + 442. What is the units digit of x?
4
What is the tens digit of (951/(-6))/((-24)/48)?
1
Let q be (14/(-42))/((-2)/(-18)). Let z be -3 - 1*(q - 10). Suppose 3*v = v + z. What is the units digit of v?
5
Suppose 7*k = 40 - 12. What is the units digit of 7/((-4 + k + -1)*-1)?
7
Let p be (-35)/2*(-12)/7 + 2. Suppose -l + 57 = -p. What is the units digit of l?
9
Let u(r) = -r**2 + 26. Suppose -4*m + g - 6*g + 5 = 0, 5*g - 5 = -2*m. What is the tens digit of u(m)?
2
Let k(d) = -d**3 + d + 35. Let r(w) = -5 - 4 - 2*w - 1. Let y be r(-5). What is the units digit of k(y)?
5
Let h = 5280 + -2033. What is the thousands digit of h?
3
Suppose -6 = 2*a + 5*r - 0*r, 6 = 4*a + r. Suppose -a*w + 4 = -2*j - 0*w, 10 = 2*w. Let b(d) = d**3 - 2*d**2 + 2*d - 2. What is the tens digit of b(j)?
1
Let n = 99 + -99. Suppose 2*r - 364 = 5*k - 10*k, n = -4*r - 3*k + 714. What is the tens digit of r?
7
Let p = -44 - -62. Suppose -3*t - p = -60. Let z = t + 4. What is the tens digit of z?
1
What is the units digit of ((-1744)/(-10))/(8/20)?
6
Let z(v) = -v - 3. Let o be z(-2). Let i be (-3 + 3/1)/o. What is the units digit of 4 + -7 + (32 - i)?
9
Suppose -2*s + 1032 = -2*x - 804, -x + 1848 = 2*s. What is the units digit of s?
2
Let y = 436 - 228. What is the hundreds digit of y?
2
Suppose 3*i = 5*y - 3, -5*i + 2*i + 3*y + 3 = 0. Suppose 2*z - i = 4*z, -3*n + 32 = 2*z. What is the tens digit of n?
1
Let s = 50 - 75. Let l = s + 19. Let k(a) = -a**3 - 4*a**2 + 7*a + 6. What is the units digit of k(l)?
6
Let w = 97 + -331. What is the tens digit of ((-10)/(-6))/((-6)/w)?
6
Let q(w) = -18*w + 4 - 2 + 4. Let b(d) = 17*d - 7. Let v(z) = -4*b(z) - 5*q(z). What is the tens digit of v(2)?
4
Suppose -11 = -5*o - 1. Suppose -o*f = -53 - 79. Suppose -3*y - 3*b + f = -12, -5*b = y - 38. What is the tens digit of y?
2
Suppose -5*y - 6 = -6. Suppose -192 = -4*p + c + 4*c, 3*c - 12 = y. What is the tens digit of p?
5
Let g = -4419 + 8979. What is the thousands digit of g?
4
Let g(m) = -m + 4 + 1 + 0 + 8*m. What is the tens digit of g(7)?
5
Suppose 56*j = 48*j + 13744. What is the hundreds digit of j?
7
Suppose 0 = -13*g - 31619 + 86414. What is the tens digit of g?
1
Let t(o) = 3*o + 115. What is the units digit of t(-28)?
1
Suppose 0 = -l + 102 + 43. Let t be (-9)/((2/10)/(-5 + 4)). Suppose 7*s - 4*s - 4*v = l, -3*v = -s + t. What is the units digit of s?
1
Let l = -2106 + 4273. What is the units digit of l?
7
Let g = -40 + 64. Let j(c) = c**3 - 23*c**2 - 25*c + 10. Let f be j(24). Let i = g + f. What is the units digit of i?
0
Let z(u) = -u**3 - 4*u**2 - 4*u. Let h be z(-3). Suppose -h*i = -4*c + 109, 2*i - 19 + 71 = 2*c. What is the units digit of 4 - 0 - (8 - c)?
7
Let i = 20 - 21. Let q(k) = 149*k**2 + k + 1. Let g be q(i). Let l = g - 99. What is the tens digit of l?
5
Let o = 186 + -341. Let r = 231 + o. What is the units digit of r?
6
Let b = 1305 - 385. What is the hundreds digit of b?
9
Let f be (-112)/(-63) + (-4)/(-18). Suppose -c + 192 = f*c. What is the tens digit of 4/6 + c/3?
2
Suppose -6*s + 900 = -3*s. Suppose -s = 14*t - 18*t. What is the tens digit of t?
7
What is the units digit of 872 - 1/((-3)/(-6)*-1)?
4
Suppose 0 = -2*p - 4, -3*w = -8*w - 5*p + 7430. What is the tens digit of w?
8
Suppose 7*i + 12 = 19. What is the hundreds digit of i + (-1184)/(-10) - (-42)/70?
1
Suppose -8*x - 3632 = -5*l - 6*x, -3*x = -2*l + 1455. What is the hundreds digit of l?
7
Let v(l) = 4*l**2 - l + 1. Let c be v(1). Suppose -3*b + 3*g = -213, c*g = b + g - 61. Suppose -4*h = -0*h - b. What is the tens digit of h?
1
Suppose -50*c + 62*c = 29088. What is the hundreds digit of c?
4
Let i(l) = -l + 16. Let y be i(0). Suppose 4*z + 8 + y = 0. What is the tens digit of (34/(-4))/(3/z)?
1
Let t(p) be the second derivative of p**7/360 + p**6/720 - p**5/120 - p**4/4 - 4*p. Let w(c) be the third derivative of t(c). What is the tens digit of w(2)?
2
Let v be -4 - (-1 - -3 - 3). Let j be (-4 + 2)*(-1)/(-2). What is the tens digit of 17 - (1 + v + j)?
2
Suppose -i + 35 = 4*d, -5*d + 38 - 58 = -3*i. What is the units digit of i?
5
Let h(k) = 8*k**2 - 18*k + 38. What is the tens digit of h(12)?
7
Suppose 6*t - 166 - 134 = 0. Suppose t + 730 = 5*u. What is the hundreds digit of u?
1
Let l(g) = g**3 - 12*g**2. Let n(c) = c**3 - 3*c**2 + 4*c - 3. Let b be n(3). Let o be l(b). What is the units digit of (-5)/(-10) - o/6?
1
Suppose 22080 = 5*v - 8*u + 6*u, 0 = -3*v - 5*u + 13248. What is the hundreds digit of v?
4
Suppose -b - 2*w + 24 = 0, 6*w - 36 = -b + w. What is the tens digit of 2360/b*(-2)/(-5)?
5
Let u(f) = 2*f**2 - 6*f - 67. What is the tens digit of u(9)?
4
Suppose 5*v - 34 = 3*v. Let s = v + -2. Suppose 5*j = 20 + s. What is the units digit of j?
7
Let g(j) = -73*j - 40. Let k(d) = d**3 - 5*d**2 - 9*d + 13. Let o be k(6). What is the units digit of g(o)?
5
Let a = -1037 + 1887. What is the tens digit of a?
5
Let v(z) = z**2 - 8*z + 17. Let l be v(6). Suppose -4*c - c - 151 = -3*s, l*s + 3*c - 263 = 0. What is the units digit of s?
2
Let u be (-11 - -2)*2/6 + 3. Suppose -3*k = k - 4*z - 356, u = -2*k + 5*z + 169. What is the units digit of k?
2
Let m(n) = 12*n**2 - 9*n + 7. What is the tens digit of m(7)?
3
Suppose 625*l = 628*l - 1266. What is the tens digit of l?
2
Let u be 13/52 - 201/4. What is the units digit of (-1 + -4)/(10/u)?
5
Suppose 0 = -j + 6*j - 20. Let v(i) = 18*i - 19. What is the units digit of v(j)?
3
Let i = 6778 + -4109. What is the tens digit of i?
6
Let x(m) = 2*m - 2. Let u be x(8). Suppose 0 = 4*a - 5*a - u. Let w = 11 - a. What is the units digit of w?
5
Suppose -98*q - 2575 = -103*q. What is the hundreds digit of q?
5
Let a = 120 - 215. Let z = -38 - a. What is the units digit of z?
7
Suppose -3*i + 3 + 15 = 0. Let d be (i/(-4))/(-1)*-6. Let j = d - -39. What is the tens digit of j?
3
Let u = 145 + -92. Suppose -10*p + u = -897. What is the tens digit of p?
9
Suppose 25 = 3*b + 2*b. Let t be 2/b*(-2 + -43). Let s = t + 38. What is the tens digit of s?
2
Let b(v) = 3*v**2 - v - 20. Let w(h) = -h**3 + 4*h**2 + 3*h + 4. Let l be w(5). What is the tens digit of b(l)?
9
Let j be 2/(-10) - 168/10. Let m = j - -31. Suppose 5 = w - 6*w, -a - 2*w = -m. What is the tens digit of a?
1
Let h(y) = -5*y**3 + 3*y**2 - 6*y - 7. What is the hundreds digit of h(-4)?
3
Suppose 8*r - 594 = -r. Suppose r = 5*z + 1. What is the units digit of z?
3
Let l(j) = j**3 - 8*j**2 + 10*j - 10. Let r(b) = -14*b - 3. Let c be r(-1). Suppose 2*m = -5*y - m + 50, -5*m = -2*y - c. What is the units digit of l(y)?
1
Let h(f) = -4*f - 9. Let k = 9 - 17. Let x be h(k). Suppose -q + 25 = -u, 0*q - x = -q + 2*u. What is the tens digit of q?
2
Suppose 0 = -4*n + 2079 + 1325. Suppose n = 4*x + 5*g, -3*g = -5*x - 2*g + 1071. What is the units digit of x?
4
Suppose -3*s - g + 3304 = 0, -4*s + 1229 = 5*g - 3169. What is the thousands digit of s?
1
Suppose 0 = j + 7*j + 160. Let u = j - -244. What is the hundreds digit of u?
2
Let d(i) be the first derivative of 2*i**3/3 + 2*i**2 + i + 11. Let h be d